 = -3*u - 2*h. Let j(i) = 9*i - 22*i + 23 - u*i. Is j(-12) a composite number?
False
Let w be 4 - -9 - (1 - 0). Suppose -w + 0 = -4*v. Is 682 + v + -4 - -2 a composite number?
False
Let d(h) = 19*h + 6432 - 2507 - 210 + 5754. Is d(0) composite?
True
Suppose -2*w + 252 = -2*y, 2*y + 11*w + 232 = 9*w. Let g = 794 + y. Is g composite?
False
Suppose -r + 80 = 4*r. Let i(g) = -2*g**2 - 24*g + 11. Let j(h) = -6*h**2 - 71*h + 34. Let k(m) = -7*i(m) + 2*j(m). Is k(r) a composite number?
False
Let c be (-4)/22 - 36/44. Let g(r) = -17*r**3 - 2*r**2 - 2*r - 1. Let k be g(c). Suppose -4*d = -60 - k. Is d a composite number?
False
Let u(f) = -6*f**2 + 5*f**2 + 3*f**2 + 0*f**2 - f**3 - 13. Let o be u(0). Let k(m) = -m**3 - 9*m**2 - 14*m + 19. Is k(o) prime?
True
Let v(b) = -b**3 + 6*b**2 + 8*b - 11. Let p be v(7). Let o be (27/(-45) - p/(-10)) + 2580. Suppose o = -14*k + 15*k. Is k composite?
False
Let s(b) = 9*b - 34. Let k be s(4). Suppose -2*u + 4*i = -6*u, -k*u + 4*i = 0. Suppose 5*n - 2*h - 331 = u, -3*n - 3*h = -2*n - 56. Is n a composite number?
True
Let b be ((-7)/(-3))/((-1)/3). Let p(k) = -1176*k + 233. Is p(b) a prime number?
False
Let k(o) be the third derivative of -4*o**5/15 + 7*o**4/24 + 8*o**3/3 + 32*o**2. Let a(x) = -x**2 - x - 1. Let f(h) = -6*a(h) - k(h). Is f(-3) prime?
True
Let p = -421 - -847. Let q = 82 + p. Suppose 0 = 11*t - 7*t - q. Is t composite?
False
Suppose -24 = -2*n + 2*i - 16, n = 3*i - 2. Suppose -17769 = -8*r + n*r - 2*b, 5*b + 20 = 0. Is r composite?
True
Suppose 0 = -46*j + 3098570 + 104732. Is j a prime number?
False
Let m be ((-72)/(-30))/((-6)/(-20)). Suppose 72*t + m = 76*t. Is 51819/21 - (30/(-21) + t) composite?
False
Suppose 1504 = 18*a - 14*a. Suppose -5*t + a = -29. Suppose t*m - 2638 = 79*m. Is m a composite number?
False
Let r(p) = 37*p - 12. Let z be r(16). Let t = 159 - 154. Suppose -x = -t*x + z. Is x composite?
True
Suppose 24 = 14*o - 18. Suppose s = 4*s + o*t - 53427, 5*s = 2*t + 89031. Is s prime?
True
Let y = 387079 + -237830. Is y composite?
False
Let i be (-3 - -2) + 2 - (10 - -1). Let v(q) = q + 12. Let h be v(i). Suppose -h*n = 6*n - 3560. Is n prime?
False
Let z(p) = 45*p**2 + 48*p - 820. Is z(33) composite?
True
Let s = -220959 - -718228. Is s a composite number?
False
Let m(u) = -813*u**2 - u + 39. Let q(j) = -813*j**2 + 28. Let y(t) = 3*m(t) - 4*q(t). Suppose -5*k + k = -8. Is y(k) a composite number?
False
Let s(f) = f**3 + 9*f**2 + 8*f + 19. Let p be s(-8). Suppose p*y + 2 = 21*y. Is (-7 + 758)*(y - 0) a prime number?
True
Let k(i) = 63*i**2 - 29*i + 327. Is k(17) composite?
False
Let p(c) = 51*c**2 + 36*c - 4. Suppose 10 - 1 = 3*d. Is p(d) composite?
False
Let h = 61246 + -5767. Is h a prime number?
False
Let h = -24714 + 65995. Is h a composite number?
False
Let m = -6 - -12. Suppose t + m - 7 = 0. Let p(o) = 1203*o + 2. Is p(t) composite?
True
Let o = 23 + 377. Let l be (o/(-6) - -2)*(-6)/(-1). Is l/(-6) + 3 - 8/12 a prime number?
True
Suppose 9 + 5 = -2*d + 2*v, 4*d + 13 = -v. Let a be 2*4/d + 7. Is a/15 + 4880/12 a prime number?
False
Let o(x) = 433*x**2 + 2*x - 4. Let a be o(2). Let w be (-23 - 2)*a/(-5). Suppose -w = -5*i + 3*g + 8622, -3*g - 13825 = -4*i. Is i a prime number?
True
Let t(f) = -f**2 - 42*f - 111. Let p be t(-39). Is 68/102 - (-38090)/p a composite number?
True
Suppose 8859 + 1113 = 4*i. Let o(z) = -z**2 - 5*z - 1. Let q be o(-4). Suppose -k = 4, q*v - i = -2*k - 500. Is v prime?
False
Suppose 28*h - 3435326 = 67598 - 297512. Is h prime?
True
Let a = -131 + 133. Suppose -2*r + 1373 = q, -a*q + 3881 = 5*r + 1132. Is q a prime number?
True
Suppose -171998 - 33490 = -12*x. Let y = x + -11850. Let n = y - 3743. Is n a prime number?
True
Let n(f) = 4 - 5 - 1 + 1 - 2235*f. Is n(-1) a prime number?
False
Is (3/27)/((-120)/(-148099320)) prime?
False
Let p(r) = -268*r**3 - 1. Let l = -9 - -12. Suppose -6*i + l*i - 6 = -n, -13 = i - 4*n. Is p(i) a prime number?
False
Suppose 597*p - 591*p - 5148 = 0. Is 5812/6*p/52 a composite number?
True
Suppose 2*s = -238 + 3824. Let a = -1042 + s. Is a a prime number?
True
Let w = 9402 - 8495. Is w prime?
True
Let t(v) = 103*v**2 - 8*v + 7. Let g be t(5). Let i = g - -37. Is i a composite number?
False
Suppose -3*d = -3*q - 5118 + 72228, -2*q = 4*d + 89480. Is ((-8)/(4 + 0))/(20/d) prime?
True
Let z(l) = 305042*l**3 + 20*l - 19. Is z(1) composite?
True
Let g = 268221 - -21196. Is g a prime number?
True
Let u = -117609 + 927694. Is u a composite number?
True
Suppose 0 = 2*w + 4*l - 1267998, 679021 = w - 2*l + 45038. Is w prime?
True
Suppose -6*m = -2*m - 197810 - 159938. Is m composite?
True
Suppose -10*m + 3647 = -68723. Is m prime?
True
Suppose 0 = 6*q + q - 16275. Let w = -1288 + q. Is w a composite number?
True
Let h(b) = b**3 - 14*b**2 + 2*b - 1. Let s(n) = n - 1. Let c(j) = h(j) - 6*s(j). Let k be c(10). Let q = -118 - k. Is q a prime number?
True
Is 68992 + -37 - (1 + -5) a prime number?
False
Let a(l) be the first derivative of -l**5/60 + 19*l**4/12 + 7*l**3/3 - 9*l**2/2 + 32. Let m(q) be the second derivative of a(q). Is m(23) composite?
False
Let h(n) = 29*n**3 + 62*n**2 - 2581*n + 1. Is h(37) a prime number?
True
Let x = 37471 - 21602. Is x prime?
False
Let a = -3145 + 3140. Suppose 34 = 4*n - 34. Is (n/(-2))/(a/(-70)*-1) a composite number?
True
Let l = 14 - 5. Let v = l + -7. Suppose v*r = -7*r + 4014. Is r prime?
False
Let b be 2*1 - (12/(-1))/6. Suppose -3*h - b = -1. Is 1276 + (-3)/3*h prime?
True
Suppose 0 = 2*u + d - 381278, 173*u - 2*d = 174*u - 190645. Is u composite?
True
Let l be -22*(25/(-10))/5. Suppose 9*h - 7 = l. Suppose h*q - 1973 = 321. Is q composite?
True
Let c = -13 - -17. Let b be (0/(4 + (-8)/c))/(-2). Suppose 2*u + 4 = b, -684 = -2*z + u + 196. Is z a prime number?
True
Let k = 6140 + -3369. Suppose 0 = -3*n - 0*n - 3*l + 4152, -2*n - 3*l + k = 0. Suppose -4*r + n = -3*r. Is r a prime number?
True
Let p(d) = 35*d**2 - 2706 - 2703 + 5411. Suppose 2*z - 12 = -2*z. Is p(z) prime?
True
Let f(b) = -9200*b + 859. Is f(-3) composite?
True
Suppose 11*r = 9*r + 2961517 + 979985. Is r a composite number?
True
Let j = 57 + -35. Suppose -56 = -5*o - 2*t + j, 5*t + 85 = 5*o. Is (17 - o)/(2/946) a prime number?
False
Let n = -10123 + 19090. Suppose n = f - 4*u, -u + 17982 = 2*f + 3*u. Is f a prime number?
False
Let v be ((-280)/224)/(1 - (-10)/(-8)). Suppose -v*h = -3*n - 7*h + 7529, 4*h = 16. Is n a prime number?
False
Let t(k) = -9 + 57*k**2 - k**3 - 59*k**2 - 7*k - 18. Let f(o) = 3*o - 2. Let m be f(-3). Is t(m) a composite number?
True
Let o = 145693 + 189514. Is o prime?
True
Let w be 2 - 7 - (-6 - 1). Suppose -120928 = -w*g - 30*g. Is g prime?
True
Is (30/(-4))/5*(52926980/(-30) + 12) a composite number?
True
Let f(i) = 2*i + 10. Let l be f(-5). Suppose -13*x + 11*x + 892 = 2*v, l = x. Is v a prime number?
False
Suppose 103*j - 14*j = 3*j + 16803454. Is j a composite number?
False
Let j(d) = -243*d + 5. Let i(r) = 8*r + 1. Let c(s) = 4*i(s) - j(s). Is c(42) a prime number?
True
Suppose 0 = 16*i - 18 - 110. Suppose -i*h = -7*h - 2579. Is h a prime number?
True
Let c = -7380 - -215117. Is c a prime number?
False
Let l = 885 + -870. Is (-5)/15 - (-6740)/l a prime number?
True
Let s be 8817/(-2)*(-1216)/48. Suppose -19*t + 2413 = -s. Is t composite?
True
Let k = -83 - -99. Suppose k = 4*b + p - 10, 0 = 2*b - 2*p - 8. Suppose b*a = 24318 - 6324. Is a composite?
False
Suppose 0 = 116*p + 11134206 - 98254730. Is p a composite number?
True
Suppose -s = -4, 17 - 77 = -4*u + 3*s. Suppose -5*f = -3*r - 0*f + 824, 0 = 3*r + 3*f - 816. Let k = r + u. Is k prime?
False
Let w be 2/4*(-8)/(-2). Let c(q) = 84*q**2 + 33*q + 102. Let g be c(17). Suppose -k - g = -5*m - 4*k, -m - w*k = -4985. Is m a composite number?
True
Let i = 55 - 55. Suppose i = 4*r + 2*s - 716, -2*s = -r - 3*r + 724. Let f = r + -103. Is f composite?
True
Suppose 0*b = 3*b. Suppose -3*u + 6241 = 4*y, b*u + 4*u - 6240 = -4*y. Is y a prime number?
False
Let k be (-3)/(-5 + 2 - -2). Let b = -14 - -18. Suppose k*t - 213 = -3*j, 0 = -t + b*t + j - 209. Is t prime?
False
Is 447376 - (-215 + 15)/8 composite?
False
Suppose 128321 = 3*x + 1157. Is (32/64)/(2/x) a composite number?
False
Let p be 6/4 + (-58150)/100. Let r = 1079 + p. Is r composite?
False
Suppose 24*r 